{"id":10,"date":"2021-06-10T23:57:08","date_gmt":"2021-06-10T21:57:08","guid":{"rendered":"https:\/\/conte-fund.org\/?page_id=10"},"modified":"2021-07-04T12:30:08","modified_gmt":"2021-07-04T10:30:08","slug":"a-propos","status":"publish","type":"page","link":"https:\/\/conte-fund.org\/index.php\/a-propos\/","title":{"rendered":"A propos"},"content":{"rendered":"<p>Le Fonds de Dotation Madeleine et Rolland CONTE (FMRC) a pour objet, tant en France qu\u2019\u00e0 l\u2019\u00e9tranger, de soutenir et de d\u00e9velopper toute activit\u00e9 d\u2019int\u00e9r\u00eat g\u00e9n\u00e9ral et\/ou \u00e0 caract\u00e8re scientifique, entrant dans son objet, seul ou en partenariat avec d\u2019autres organismes publics ou priv\u00e9s d\u2019int\u00e9r\u00eat g\u00e9n\u00e9ral poursuivant les m\u00eames objectifs que les siens, \u00e0 savoir :<\/p>\n<ul>\n<li>valoriser, promouvoir, encourager les recherches et d\u00e9veloppements scientifiques et techniques des hautes dilutions\u00a0;<\/li>\n<li>contribuer \u00e0 la mod\u00e9lisation math\u00e9matique et au d\u00e9veloppement de syst\u00e8mes informatiques de diagnostique dans le domaine de l\u2019Homo\u00e9opathie\u00a0;<\/li>\n<li>accompagner le d\u00e9veloppement de la m\u00e9dication homo\u00e9opathique aupr\u00e8s des professionnels du monde de la sant\u00e9 (laboratoires, prescripteurs\u2026), ainsi qu\u2019aupr\u00e8s des malades et plus g\u00e9n\u00e9ralement du grand public ;<\/li>\n<li>explorer les voies ouvertes par l\u2019Homo\u00e9opathie et faire progresser les connaissances scientifiques et m\u00e9dicales dans ce domaine et contribuer \u00e0 l\u2019\u00e9tablissement de protocoles exp\u00e9rimentaux ;<\/li>\n<li>poursuivre l&rsquo;ensemble des travaux entrepris par Mme Madeleine et Rolland Conte dans l&rsquo;esprit et le respect de l&rsquo;\u00e9thique, tant de ces derniers que de ceux de M. HAHNEMANN.<\/li>\n<li>et plus g\u00e9n\u00e9ralement initier, d\u00e9finir, participer et soutenir et\/ou mener les programmes, notamment de recherches scientifiques (fondamentales et\/ou cliniques) qui contribuent au d\u00e9veloppement de la M\u00e9decine tant humaine que v\u00e9t\u00e9rinaire, ainsi que la pr\u00e9servation, le d\u00e9veloppement des v\u00e9g\u00e9taux et des traitements favorisants leur croissance, culture et d\u00e9fense, dans le respect des pr\u00e9occupations environnementales.<\/li>\n<\/ul>\n<p>Pour parvenir \u00e0 la r\u00e9alisation de son objet, le Fonds de dotation peut notamment directement ou indirectement, tant en France qu\u2019\u00e0 l\u2019\u00e9tranger\u00a0:<\/p>\n<ul>\n<li>mener toutes les actions de formations (prescripteurs) et d\u2019information (grand public) favorisant la mise \u0153uvre des outils de diagnostique (notamment informatiques) en Homo\u00e9opathie et\/ou en M\u00e9decine Analogique\u00a0;<\/li>\n<li>organiser toute manifestation (colloques, s\u00e9minaires, congr\u00e8s et autres r\u00e9unions) destin\u00e9e \u00e0 favoriser le d\u00e9veloppement de l\u2019Homo\u00e9opathie ou participer \u00e0 ses derni\u00e8res ;<\/li>\n<li>contribuer, par tous moyens et supports, \u00e0 la promotion des publications, travaux et autres documents d\u2019information relatifs \u00e0 son objet, outre la participation \u00e0 toute manifestation audiovisuelle ;<\/li>\n<li>apporter une aide technique et\/ou financi\u00e8re, \u00e0 toute structure publique ou priv\u00e9e poursuivant des buts similaires aux siens ou s\u2019inscrivant dans le prolongement de son objet\u00a0;<\/li>\n<li>financer tous travaux de recherches men\u00e9s par des personnes physiques ou morales entrant dans son objet ou s\u2019y rattachant \u00e9troitement,<\/li>\n<li>et, plus g\u00e9n\u00e9ralement, contribuer \u00e0 toute op\u00e9ration pouvant se rattacher directement ou indirectement, tant en France qu\u2019\u00e0 l\u2019\u00e9tranger, \u00e0 l\u2019Homo\u00e9opathie et\/ou \u00e0 la M\u00e9decine Analogique \u00a0et permettant d\u2019en faciliter la connaissance, l\u2019extension, le d\u00e9veloppement ou l\u2019approfondissement.<\/li>\n<\/ul>\n\n\n<p><\/p>\n","protected":false},"excerpt":{"rendered":"<p>Le Fonds de Dotation Madeleine et Rolland CONTE (FMRC) a pour objet, tant en France qu\u2019\u00e0 l\u2019\u00e9tranger, de soutenir et de d\u00e9velopper toute activit\u00e9 d\u2019int\u00e9r\u00eat g\u00e9n\u00e9ral et\/ou \u00e0 caract\u00e8re scientifique, entrant dans son objet, seul ou en partenariat avec d\u2019autres organismes publics ou priv\u00e9s d\u2019int\u00e9r\u00eat g\u00e9n\u00e9ral poursuivant les m\u00eames objectifs que les siens, \u00e0 savoir &hellip; <\/p>\n<p class=\"link-more\"><a href=\"https:\/\/conte-fund.org\/index.php\/a-propos\/\" class=\"more-link\">Continuer la lecture <span class=\"screen-reader-text\"> \u00ab\u00a0A propos\u00a0\u00bb<\/span><\/a><\/p>\n","protected":false},"author":1,"featured_media":0,"parent":0,"menu_order":0,"comment_status":"closed","ping_status":"closed","template":"","meta":{"footnotes":""},"class_list":["post-10","page","type-page","status-publish","hentry","entry"],"_links":{"self":[{"href":"https:\/\/conte-fund.org\/index.php\/wp-json\/wp\/v2\/pages\/10","targetHints":{"allow":["GET"]}}],"collection":[{"href":"https:\/\/conte-fund.org\/index.php\/wp-json\/wp\/v2\/pages"}],"about":[{"href":"https:\/\/conte-fund.org\/index.php\/wp-json\/wp\/v2\/types\/page"}],"author":[{"embeddable":true,"href":"https:\/\/conte-fund.org\/index.php\/wp-json\/wp\/v2\/users\/1"}],"replies":[{"embeddable":true,"href":"https:\/\/conte-fund.org\/index.php\/wp-json\/wp\/v2\/comments?post=10"}],"version-history":[{"count":17,"href":"https:\/\/conte-fund.org\/index.php\/wp-json\/wp\/v2\/pages\/10\/revisions"}],"predecessor-version":[{"id":302,"href":"https:\/\/conte-fund.org\/index.php\/wp-json\/wp\/v2\/pages\/10\/revisions\/302"}],"wp:attachment":[{"href":"https:\/\/conte-fund.org\/index.php\/wp-json\/wp\/v2\/media?parent=10"}],"curies":[{"name":"wp","href":"https:\/\/api.w.org\/{rel}","templated":true}]}}